{"id":38656,"date":"2022-10-27T15:02:26","date_gmt":"2022-10-27T13:02:26","guid":{"rendered":"https:\/\/cadt81.fr\/?post_type=product&#038;p=38656"},"modified":"2022-10-27T15:06:56","modified_gmt":"2022-10-27T13:06:56","slug":"jr5-377-lodgy-5p-1-2-tce-115cv-2013","status":"publish","type":"product","link":"https:\/\/cadt81.fr\/index.php\/produit\/jr5-377-lodgy-5p-1-2-tce-115cv-2013\/","title":{"rendered":"JR5 377 &#8211; LODGY 5P 1.2 TCE 115CV 2013"},"content":{"rendered":"","protected":false},"excerpt":{"rendered":"<p>Boite de vitesses<\/p>\n<p>Marque : DACIA<\/p>\n<p>Mod\u00e8le : LODGY 5P 1.2 TCE 115CV<\/p>\n<p>Ann\u00e9e : 2013<\/p>\n<p>Kilom\u00e9trage : 113524<\/p>\n<p>Type de boite : M\u00e9canique<\/p>\n<p>Code de boite : JR5 377<\/p>\n<p>LP 18186<\/p>\n<p>Casier : 1B1BG005<\/p>\n","protected":false},"featured_media":38657,"comment_status":"open","ping_status":"closed","template":"","meta":{"spay_email":""},"class_list":["post-38656","product","type-product","status-publish","has-post-thumbnail","hentry","product_cat-boite-de-vitesses-dacia","product_cat-dacia","product_tag-2930","product_tag-jr5-377"],"yoast_head":"<!-- This site is optimized with the Yoast SEO plugin v14.7 - https:\/\/yoast.com\/wordpress\/plugins\/seo\/ -->\n<title>JR5 377 - LODGY 5P 1.2 TCE 115CV 2013 - Cadt81<\/title>\n<meta name=\"robots\" content=\"index, follow\" \/>\n<meta name=\"googlebot\" content=\"index, follow, max-snippet:-1, max-image-preview:large, max-video-preview:-1\" \/>\n<meta name=\"bingbot\" content=\"index, follow, max-snippet:-1, max-image-preview:large, max-video-preview:-1\" \/>\n<link rel=\"canonical\" href=\"https:\/\/cadt81.fr\/index.php\/produit\/jr5-377-lodgy-5p-1-2-tce-115cv-2013\/\" \/>\n<meta property=\"og:locale\" content=\"fr_FR\" \/>\n<meta property=\"og:type\" content=\"article\" \/>\n<meta property=\"og:title\" content=\"JR5 377 - LODGY 5P 1.2 TCE 115CV 2013 - Cadt81\" \/>\n<meta property=\"og:description\" content=\"Boite de vitesses  Marque : DACIA  Mod\u00e8le : LODGY 5P 1.2 TCE 115CV  Ann\u00e9e : 2013  Kilom\u00e9trage : 113524  Type de boite : M\u00e9canique  Code de boite : JR5 377  LP 18186  Casier : 1B1BG005\" \/>\n<meta property=\"og:url\" content=\"https:\/\/cadt81.fr\/index.php\/produit\/jr5-377-lodgy-5p-1-2-tce-115cv-2013\/\" \/>\n<meta property=\"og:site_name\" content=\"Cadt81\" \/>\n<meta property=\"article:modified_time\" content=\"2022-10-27T13:06:56+00:00\" \/>\n<meta property=\"og:image\" content=\"https:\/\/cadt81.fr\/wp-content\/uploads\/2022\/10\/IMG_4849-scaled.jpg\" \/>\n\t<meta property=\"og:image:width\" content=\"2560\" \/>\n\t<meta property=\"og:image:height\" content=\"1920\" \/>\n<meta name=\"twitter:card\" content=\"summary_large_image\" \/>\n<script type=\"application\/ld+json\" class=\"yoast-schema-graph\">{\"@context\":\"https:\/\/schema.org\",\"@graph\":[{\"@type\":\"WebSite\",\"@id\":\"https:\/\/cadt81.fr\/#website\",\"url\":\"https:\/\/cadt81.fr\/\",\"name\":\"Cadt81\",\"description\":\"bien vous servir est notre priorit\\u00e9\",\"potentialAction\":[{\"@type\":\"SearchAction\",\"target\":\"https:\/\/cadt81.fr\/?s={search_term_string}\",\"query-input\":\"required name=search_term_string\"}],\"inLanguage\":\"fr-FR\"},{\"@type\":\"ImageObject\",\"@id\":\"https:\/\/cadt81.fr\/index.php\/produit\/jr5-377-lodgy-5p-1-2-tce-115cv-2013\/#primaryimage\",\"inLanguage\":\"fr-FR\",\"url\":\"https:\/\/cadt81.fr\/wp-content\/uploads\/2022\/10\/IMG_4849-scaled.jpg\",\"width\":2560,\"height\":1920},{\"@type\":\"WebPage\",\"@id\":\"https:\/\/cadt81.fr\/index.php\/produit\/jr5-377-lodgy-5p-1-2-tce-115cv-2013\/#webpage\",\"url\":\"https:\/\/cadt81.fr\/index.php\/produit\/jr5-377-lodgy-5p-1-2-tce-115cv-2013\/\",\"name\":\"JR5 377 - LODGY 5P 1.2 TCE 115CV 2013 - Cadt81\",\"isPartOf\":{\"@id\":\"https:\/\/cadt81.fr\/#website\"},\"primaryImageOfPage\":{\"@id\":\"https:\/\/cadt81.fr\/index.php\/produit\/jr5-377-lodgy-5p-1-2-tce-115cv-2013\/#primaryimage\"},\"datePublished\":\"2022-10-27T13:02:26+00:00\",\"dateModified\":\"2022-10-27T13:06:56+00:00\",\"inLanguage\":\"fr-FR\",\"potentialAction\":[{\"@type\":\"ReadAction\",\"target\":[\"https:\/\/cadt81.fr\/index.php\/produit\/jr5-377-lodgy-5p-1-2-tce-115cv-2013\/\"]}]}]}<\/script>\n<!-- \/ Yoast SEO plugin. -->","_links":{"self":[{"href":"https:\/\/cadt81.fr\/index.php\/wp-json\/wp\/v2\/product\/38656","targetHints":{"allow":["GET"]}}],"collection":[{"href":"https:\/\/cadt81.fr\/index.php\/wp-json\/wp\/v2\/product"}],"about":[{"href":"https:\/\/cadt81.fr\/index.php\/wp-json\/wp\/v2\/types\/product"}],"replies":[{"embeddable":true,"href":"https:\/\/cadt81.fr\/index.php\/wp-json\/wp\/v2\/comments?post=38656"}],"version-history":[{"count":1,"href":"https:\/\/cadt81.fr\/index.php\/wp-json\/wp\/v2\/product\/38656\/revisions"}],"predecessor-version":[{"id":38660,"href":"https:\/\/cadt81.fr\/index.php\/wp-json\/wp\/v2\/product\/38656\/revisions\/38660"}],"wp:featuredmedia":[{"embeddable":true,"href":"https:\/\/cadt81.fr\/index.php\/wp-json\/wp\/v2\/media\/38657"}],"wp:attachment":[{"href":"https:\/\/cadt81.fr\/index.php\/wp-json\/wp\/v2\/media?parent=38656"}],"curies":[{"name":"wp","href":"https:\/\/api.w.org\/{rel}","templated":true}]}}